{"id":43,"date":"2014-12-31T20:09:46","date_gmt":"2014-12-31T18:09:46","guid":{"rendered":"https:\/\/praxis-heyenbrock.de\/?page_id=43"},"modified":"2015-03-09T14:45:21","modified_gmt":"2015-03-09T12:45:21","slug":"dr-med-markus-heyenbrock","status":"publish","type":"page","link":"https:\/\/praxis-heyenbrock.de\/JQW9vxp6_wordpress\/team\/dr-med-markus-heyenbrock","title":{"rendered":"Dr. med. Markus Heyenbrock"},"content":{"rendered":"<img loading=\"lazy\" class=\"alignnone size-large wp-image-90\" src=\"https:\/\/praxis-heyenbrock.de\/JQW9vxp6_wordpress\/wp-content\/uploads\/Praxis-Dr-Markus-Heyenbrock-10-2014-37-1500x998.jpg\" alt=\"Praxis Dr Markus Heyenbrock 10-2014-37\" width=\"1500\" height=\"998\" srcset=\"https:\/\/praxis-heyenbrock.de\/JQW9vxp6_wordpress\/wp-content\/uploads\/Praxis-Dr-Markus-Heyenbrock-10-2014-37-1500x998.jpg 1500w, https:\/\/praxis-heyenbrock.de\/JQW9vxp6_wordpress\/wp-content\/uploads\/Praxis-Dr-Markus-Heyenbrock-10-2014-37-375x250.jpg 375w, https:\/\/praxis-heyenbrock.de\/JQW9vxp6_wordpress\/wp-content\/uploads\/Praxis-Dr-Markus-Heyenbrock-10-2014-37-750x500.jpg 750w\" sizes=\"(max-width: 1500px) 100vw, 1500px\" \/>\n<p>Werdegang:<\/p>\n<ul>\n<li>Abgeschlossenes Abitur in Grafing bei M\u00fcnchen<\/li>\n<li>Mitglied im C-Kader der Deutschen Eislauf Union,Eistanzen<\/li>\n<li>Studium der Medizin an der Universit\u00e4t Ulm und LMU M\u00fcnchen mit Staatsexamen 1988<\/li>\n<li>Arzt im Praktikum am ehemaligen Bundeswehr-Krankenhaus in M\u00fcnchen bis 1990<\/li>\n<li>Promotion 1988<\/li>\n<li>Pr\u00fcfung zum Facharzt f\u00fcr Allgemeinmedizin 1995<\/li>\n<li>Bis 1997 werden die Qualifikationen Betriebsmedizin, Chirotherapie, Sportmedizin, Flugmedizin, Fliegerarzt, Tauchmedizin, Reisemedizin (erst 2011) erworben<\/li>\n<li>Von 1990-1997 T\u00e4tigkeit an verschiedenen Standorten der Bundeswehr Bayern (Penzing, Erding, F\u00fcrstenfeldbruck , Flugmedizinisches Institut der Luftwaffe )<\/li>\n<li>Teilnahme an verschiedenen Auslandseins\u00e4tzen der Bundeswehr bis 1997<\/li>\n<li>Seit M\u00e4rz 1997 T\u00e4tigkeit als niedergelassener Facharzt f\u00fcr Allgemeinmedizin in Heimstetten, mit haus\u00e4rztlichem Schwerpunkt<\/li>\n<li>Zeitgleich Aufbau einer Praxis f\u00fcr Arbeits- und Betriebsmedizin (zwischenzeitlich Betreuung von circa 100 Firmen im Bereich Oberbayern)<\/li>\n<li>2013 Umzug der Praxis in Heimstetten<\/li>\n<li>Von 1995-2012 Betreuung mehrerer Ehren\u00e4mter beim Deutschen und Bayerischen Skiverband sowie beim TSV Vaterstetten Skiverband M\u00fcnchen<\/li>\n<\/ul>\n","protected":false},"excerpt":{"rendered":"<p>Werdegang: Abgeschlossenes Abitur in Grafing bei M\u00fcnchen Mitglied im C-Kader der Deutschen Eislauf Union,Eistanzen Studium der Medizin an der Universit\u00e4t Ulm und LMU M\u00fcnchen mit Staatsexamen 1988 Arzt im Praktikum am ehemaligen Bundeswehr-Krankenhaus in M\u00fcnchen bis 1990 Promotion 1988 Pr\u00fcfung zum Facharzt f\u00fcr Allgemeinmedizin 1995 Bis 1997 werden die Qualifikationen Betriebsmedizin, Chirotherapie, Sportmedizin, Flugmedizin, Fliegerarzt, [&hellip;]<\/p>\n","protected":false},"author":4,"featured_media":0,"parent":39,"menu_order":0,"comment_status":"closed","ping_status":"closed","template":"","meta":[],"_links":{"self":[{"href":"https:\/\/praxis-heyenbrock.de\/JQW9vxp6_wordpress\/wp-json\/wp\/v2\/pages\/43"}],"collection":[{"href":"https:\/\/praxis-heyenbrock.de\/JQW9vxp6_wordpress\/wp-json\/wp\/v2\/pages"}],"about":[{"href":"https:\/\/praxis-heyenbrock.de\/JQW9vxp6_wordpress\/wp-json\/wp\/v2\/types\/page"}],"author":[{"embeddable":true,"href":"https:\/\/praxis-heyenbrock.de\/JQW9vxp6_wordpress\/wp-json\/wp\/v2\/users\/4"}],"replies":[{"embeddable":true,"href":"https:\/\/praxis-heyenbrock.de\/JQW9vxp6_wordpress\/wp-json\/wp\/v2\/comments?post=43"}],"version-history":[{"count":8,"href":"https:\/\/praxis-heyenbrock.de\/JQW9vxp6_wordpress\/wp-json\/wp\/v2\/pages\/43\/revisions"}],"predecessor-version":[{"id":138,"href":"https:\/\/praxis-heyenbrock.de\/JQW9vxp6_wordpress\/wp-json\/wp\/v2\/pages\/43\/revisions\/138"}],"up":[{"embeddable":true,"href":"https:\/\/praxis-heyenbrock.de\/JQW9vxp6_wordpress\/wp-json\/wp\/v2\/pages\/39"}],"wp:attachment":[{"href":"https:\/\/praxis-heyenbrock.de\/JQW9vxp6_wordpress\/wp-json\/wp\/v2\/media?parent=43"}],"curies":[{"name":"wp","href":"https:\/\/api.w.org\/{rel}","templated":true}]}}